t common factor of 182 and 14?
14
Calculate the greatest common factor of 5518 and 62.
62
What is the greatest common factor of 24442 and 121?
121
What is the greatest common divisor of 2924 and 34?
34
Calculate the highest common factor of 1285 and 5.
5
What is the highest common factor of 64911 and 231?
231
Calculate the greatest common factor of 1078 and 147.
49
What is the highest common divisor of 84 and 52?
4
What is the highest common factor of 56 and 812?
28
Calculate the greatest common factor of 2007 and 18.
9
What is the highest common factor of 125 and 3875?
125
What is the greatest common factor of 45 and 405?
45
Calculate the greatest common divisor of 84 and 21.
21
Calculate the highest common factor of 13 and 13.
13
Calculate the greatest common factor of 1246 and 42.
14
Calculate the highest common divisor of 1680 and 108.
12
Calculate the greatest common factor of 32 and 4552.
8
Calculate the greatest common factor of 60 and 10380.
60
Calculate the greatest common factor of 5718 and 6.
6
Calculate the highest common factor of 7141 and 193.
193
What is the greatest common divisor of 356 and 4?
4
What is the greatest common divisor of 3696 and 2079?
231
What is the highest common factor of 77 and 14?
7
Calculate the greatest common divisor of 27 and 3267.
27
Calculate the greatest common divisor of 72 and 306.
18
Calculate the greatest common divisor of 135 and 10935.
135
What is the highest common factor of 12 and 81?
3
What is the highest common divisor of 36 and 558?
18
What is the greatest common divisor of 1421 and 441?
49
Calculate the greatest common factor of 357 and 84.
21
Calculate the highest common factor of 30 and 360.
30
What is the greatest common factor of 89 and 801?
89
Calculate the greatest common divisor of 510 and 306.
102
What is the greatest common factor of 243 and 135?
27
What is the greatest common divisor of 294 and 158?
2
What is the greatest common factor of 89 and 4?
1
What is the highest common factor of 17214 and 114?
114
Calculate the greatest common factor of 380 and 361.
19
Calculate the greatest common divisor of 14 and 1246.
14
What is the greatest common factor of 105 and 14?
7
Calculate the highest common factor of 73 and 2336.
73
Calculate the highest common factor of 90 and 4122.
18
Calculate the highest common factor of 240 and 600.
120
Calculate the highest common divisor of 66 and 3916.
22
Calculate the greatest common factor of 10 and 16070.
10
What is the highest common factor of 8430 and 90?
30
Calculate the highest common factor of 8920 and 20.
20
What is the greatest common factor of 1544 and 40?
8
What is the greatest common divisor of 18 and 87?
3
Calculate the highest common divisor of 180 and 420.
60
What is the highest common factor of 2625 and 63?
21
Calculate the greatest common factor of 77 and 63.
7
Calculate the greatest common divisor of 304 and 16.
16
What is the greatest common divisor of 24 and 984?
24
Calculate the greatest common factor of 46 and 4163.
23
What is the highest common divisor of 9 and 81?
9
What is the greatest common divisor of 348 and 1218?
174
What is the greatest common divisor of 377 and 1537?
29
What is the highest common divisor of 59 and 767?
59
What is the highest common factor of 12684 and 420?
84
Calculate the highest common divisor of 385 and 140.
35
What is the greatest common divisor of 24 and 78?
6
What is the highest common divisor of 22 and 297?
11
Calculate the highest common divisor of 9 and 6.
3
What is the greatest common divisor of 1363 and 58?
29
What is the highest common divisor of 8003 and 151?
151
What is the greatest common divisor of 12 and 38652?
12
Calculate the greatest common divisor of 138 and 12.
6
What is the highest common factor of 10 and 52?
2
Calculate the greatest common factor of 8 and 8.
8
What is the highest common factor of 52 and 12714?
26
Calculate the highest common factor of 42 and 315.
21
Calculate the highest common factor of 35535 and 309.
309
What is the greatest common factor of 5 and 7?
1
What is the greatest common divisor of 12384 and 860?
172
Calculate the greatest common factor of 129 and 19221.
129
Calculate the greatest common divisor of 798 and 105.
21
Calculate the highest common factor of 2 and 13.
1
What is the highest common factor of 48 and 660?
12
What is the highest common divisor of 3349 and 391?
17
What is the highest common factor of 13 and 767?
13
What is the highest common divisor of 2980 and 100?
20
What is the highest common divisor of 3 and 10878?
3
What is the greatest common factor of 1718 and 8?
2
What is the greatest common factor of 21805 and 49?
49
What is the highest common factor of 153 and 81?
9
Calculate the greatest common divisor of 1254 and 462.
66
Calculate the greatest common divisor of 66 and 418.
22
What is the highest common divisor of 79 and 79?
79
What is the highest common divisor of 212 and 7844?
212
What is the greatest common factor of 798 and 76?
38
Calculate the greatest common factor of 896 and 32.
32
What is the highest common factor of 628 and 12?
4
Calculate the highest common divisor of 398 and 24079.
199
Calculate the highest common factor of 1030 and 10.
10
What is the highest common factor of 725 and 100?
25
Calculate the greatest common divisor of 2225 and 4.
1
Calculate the greatest common divisor of 11 and 2948.
11
Calculate the highest common factor of 63 and 279.
9
Calculate the highest common divisor of 8532 and 324.
108
Calculate the highest common factor of 120 and 630.
30
Calculate the greatest common factor of 168 and 6.
6
What is the highest common factor of 2021 and 47?
47
What is the greatest common divisor of 14 and 34?
2
What is the greatest common divisor of 1370 and 30?
10
What is the highest common factor of 1343 and 34?
17
Calculate the highest common divisor of 30 and 510.
30
What is the greatest common factor of 95 and 19?
19
What is the greatest common factor of 16986 and 18?
6
Calculate the greatest common factor of 161 and 3703.
161
What is the highest common factor of 60 and 150?
30
Calculate the highest common divisor of 39773 and 62.
31
Calculate the greatest common divisor of 13 and 1950.
13
Calculate the greatest common factor of 845 and 65.
65
Calculate the highest common divisor of 26 and 4667.
13
What is the greatest common divisor of 140 and 20?
20
What is the highest common divisor of 111 and 27?
3
Calculate the highest common factor of 456 and 996.
12
What is the greatest common divisor of 34091 and 73?
73
Calculate the highest common factor of 270 and 216.
54
What is the greatest common divisor of 86 and 172?
86
What is the greatest common factor of 69 and 10833?
69
What is the greatest common factor of 6407 and 43?
43
What is the greatest common factor of 35 and 5?
5
Calculate the greatest common factor of 4329 and 819.
117
Calculate the greatest common factor of 352 and 242.
22
Calculate the highest common factor of 6 and 1718.
2
What is the highest common divisor of 351 and 108?
27
What is the highest common factor of 336 and 42?
42
Calculate the highest common factor of 108 and 2322.
54
What is the highest common factor of 5 and 40?
5
What is the highest common divisor of 5 and 505?
5
What is the highest common factor of 162 and 36?
18
What is the greatest common divisor of 900 and 45?
45
Calculate the highest common factor of 110 and 55.
55
What is the highest common divisor of 1824 and 48?
48
Calculate the highest common divisor of 481 and 185.
37
Calculate the highest common divisor of 304 and 95.
19
What is the highest common divisor of 930 and 5?
5
Calculate the highest common divisor of 2472 and 3.
3
Calculate the greatest common divisor of 128 and 1056.
32
Calculate the greatest common factor of 4149 and 18.
9
What is the greatest common factor of 156 and 156?
156
What is the greatest common divisor of 11746 and 14?
14
What is the highest common divisor of 17 and 51?
17
Calculate the highest common divisor of 11058 and 228.
114
Calculate the greatest common factor of 25 and 10.
5
Calculate the greatest common factor of 3402 and 336.
42
Calculate the greatest common factor of 72 and 27.
9
Calculate the highest common divisor of 5 and 5065.
5
Calculate the highest common factor of 217 and 775